{"id":100,"date":"2017-12-22T20:53:00","date_gmt":"2017-12-22T19:53:00","guid":{"rendered":"http:\/\/www.top-it-dienst.de\/?page_id=100"},"modified":"2017-12-22T20:53:00","modified_gmt":"2017-12-22T19:53:00","slug":"handwerk-preisliste","status":"publish","type":"page","link":"https:\/\/www.top-it-dienst.de\/datenschutzerklaerung\/topkontor-handwerk\/handwerk-preisliste\/","title":{"rendered":"Handwerk Preisliste"},"content":{"rendered":"<div class=\"vc_row wpb_row vc_row-fluid\">\n<div class=\"vc_column_container vc_col-sm-12\">\n<div class=\"wpb_wrapper vc_column-inner\">\n<h3 class=\"vc_custom_heading m-t align-left heading-primary\">TopKontor\u00a0<strong>Handwerk\u00a0<\/strong>Preisliste<\/h3>\n<div class=\"wpb_text_column wpb_content_element  m-t\">\n<div class=\"wpb_wrapper\">\n<p align=\"justify\">Als Existenzgr\u00fcnder genie\u00dfen Sie einen besonderen Preisvorteil bei der Kaufversion\u00a0von TopKontor Handwerk. Voraussetzung f\u00fcr den Existenzgr\u00fcnder-Preis: Ihre Gewerbeanmeldung liegt weniger als zw\u00f6lf Monate zur\u00fcck (Nachweis erforderlich).<\/p>\n<p class=\"p1\">Neben dem Lizenzkauf besteht auch die M\u00f6glichkeit, TopKontor Handwerk als Mietvariante zu nutzen.\u00a0Innerhalb der Miete sind Sie immer auf dem aktuellsten Softwarestand und das zu u\u0308berschaubaren\u00a0monatlichen Kosten. Die Softwarepflege ist im Preis enthalten (nicht aber die Hotline). Bereits das Hauptpaket\u00a0umfasst alle wesentlichen Bereiche fu\u0308r die t\u00e4gliche Bu\u0308roarbeit und ist optional um weitere Arbeitspl\u00e4tze oder\u00a0Module erweiterbar.<\/p>\n<\/div>\n<\/div>\n<\/div>\n<\/div>\n<\/div>\n<div class=\"vc_row wpb_row vc_row-fluid\">\n<div class=\"vc_column_container vc_col-sm-6\">\n<div class=\"wpb_wrapper vc_column-inner\">\n<div class=\"ult_pricing_table_wrap ult_design_6 ult_featured ult-cs-custom  \">\n<div class=\"ult_pricing_table \">\n<div id=\"price-table-wrap-2488\" class=\"ult_pricing_heading\">\n<h3 class=\"ult-responsive cust-headformat\" data-ultimate-target=\"#price-table-wrap-2488 .cust-headformat\" data-responsive-json-new=\"{&quot;font-size&quot;:&quot;desktop:18px;&quot;,&quot;line-height&quot;:&quot;&quot;}\">TopKontor Handwerk\u00a0<strong>KAUFEN<\/strong><\/h3>\n<\/div>\n<div class=\"ult_price_body_block\">\n<div class=\"ult_price_body\">\n<div id=\"price-table-wrap-5933\" class=\"ult_price\"><span class=\"ult_price_figure ult-responsive\" data-ultimate-target=\"#price-table-wrap-5933 .ult_price_figure\" data-responsive-json-new=\"{&quot;font-size&quot;:&quot;desktop:24px;&quot;,&quot;line-height&quot;:&quot;&quot;}\">1.500\u20ac<\/span><\/div>\n<\/div>\n<\/div>\n<div id=\"price-table-features-wrap-7622\" class=\"ult_price_features ult-responsive\" data-ultimate-target=\"#price-table-features-wrap-7622\" data-responsive-json-new=\"{&quot;font-size&quot;:&quot;desktop:14px;&quot;,&quot;line-height&quot;:&quot;&quot;}\">\n<hr \/>\n<p>Grundmodul inkl. aller Schnittstellen<\/p>\n<hr \/>\n<p><strong>Gratis Updates<\/strong>\u00a0w\u00e4hrend der Software-Pflege<span style=\"font-size: 1rem;\">\u00a0<\/span><\/p>\n<\/div>\n<\/div>\n<\/div>\n<div class=\"stats-block stats-left   vc_custom_1498742019841\">\n<div id=\"counter-responsv-wrap-6968\" class=\"stats-desc\">\n<div id=\"counter_153667505a3d56909f3d8\" class=\"stats-number ult-responsive\" data-id=\"counter_153667505a3d56909f3d8\" data-ultimate-target=\"#counter-responsv-wrap-6968 .stats-number\" data-responsive-json-new=\"{&quot;font-size&quot;:&quot;desktop:30px;&quot;,&quot;line-height&quot;:&quot;&quot;}\" data-speed=\"4\" data-counter-value=\"30\" data-separator=\",\" data-decimal=\".\">30%<\/div>\n<div class=\"stats-text ult-responsive\" data-ultimate-target=\"#counter-responsv-wrap-6968 .stats-text\" data-responsive-json-new=\"{&quot;font-size&quot;:&quot;desktop:30px;&quot;,&quot;line-height&quot;:&quot;&quot;}\">Rabatt f\u00fcr Existenzgr\u00fcnder!<\/div>\n<\/div>\n<\/div>\n<\/div>\n<\/div>\n<div class=\"vc_column_container vc_col-sm-6\">\n<div class=\"wpb_wrapper vc_column-inner\">\n<div class=\"ult_pricing_table_wrap ult_design_6 ult_featured ult-cs-custom  \">\n<div class=\"ult_pricing_table \">\n<div id=\"price-table-wrap-8199\" class=\"ult_pricing_heading\">\n<h3 class=\"ult-responsive cust-headformat\" data-ultimate-target=\"#price-table-wrap-8199 .cust-headformat\" data-responsive-json-new=\"{&quot;font-size&quot;:&quot;desktop:18px;&quot;,&quot;line-height&quot;:&quot;&quot;}\">TopKontor Handwerk\u00a0<strong>MIETEN<\/strong><\/h3>\n<\/div>\n<div class=\"ult_price_body_block\">\n<div class=\"ult_price_body\">\n<div id=\"price-table-wrap-8681\" class=\"ult_price\"><span class=\"ult_price_figure ult-responsive\" data-ultimate-target=\"#price-table-wrap-8681 .ult_price_figure\" data-responsive-json-new=\"{&quot;font-size&quot;:&quot;desktop:24px;&quot;,&quot;line-height&quot;:&quot;&quot;}\">80\u20ac<\/span><span class=\"ult_price_term ult-responsive\" data-ultimate-target=\"#price-table-wrap-8681 .ult_price_term\" data-responsive-json-new=\"{&quot;font-size&quot;:&quot;desktop:15px;&quot;,&quot;line-height&quot;:&quot;&quot;}\">monatlich<\/span><\/div>\n<\/div>\n<\/div>\n<div id=\"price-table-features-wrap-4282\" class=\"ult_price_features ult-responsive\" data-ultimate-target=\"#price-table-features-wrap-4282\" data-responsive-json-new=\"{&quot;font-size&quot;:&quot;desktop:14px;&quot;,&quot;line-height&quot;:&quot;&quot;}\">\n<hr \/>\n<p>Grundmodul inkl. aller Schnittstellen<\/p>\n<hr \/>\n<p><strong>Gratis Updates\u00a0<\/strong>w\u00e4hrend der Laufzeit<\/p>\n<\/div>\n<\/div>\n<\/div>\n<\/div>\n<\/div>\n<\/div>\n<div class=\"vc_row wpb_row vc_row-fluid\">\n<div class=\"vc_column_container vc_col-sm-12\">\n<div class=\"wpb_wrapper vc_column-inner\">\n<div class=\"wpb_text_column wpb_content_element  m-t\">\n<div class=\"wpb_wrapper\">\n<p align=\"justify\">Um die Software effizient und langfristig nutzen zu k\u00f6nnen, ist der Abschlu\u00df eines Softwarepflegevertrages bei der Kaufversion obligatorisch f\u00fcr das erste Jahr. Sie erhalten durch diesen Vertrag automatisch alle erforderlichen Informationen, Programmneuerungen, Updates, Anpassungen an gesetzliche \u00c4nderungen, neue Schnittstellen sowie die Erweiterung der Gew\u00e4hrleistung f\u00fcr die Laufzeit des Vertrages.<\/p>\n<p>Kosten des Softwarepflege-Vertrages:<\/p>\n<p><strong>Einzelplatz:<\/strong>\u00a030\u20ac\/mtl. |\u00a0<strong>2-5 Arbeitspl\u00e4tze:<\/strong>\u00a040\u20ac\/mtl. |\u00a0<strong>6-10 Arbeitspl\u00e4tze:<\/strong>\u00a060\u20ac\/mtl. | w<strong>eitere auf Anfrage<\/strong><\/p>\n<p>Bei der Mietversion sind die Kosten des Softwarepflegevertrages bereits im monatlichen Mietpreis enthalten und fallen nicht zus\u00e4tzlich an!<\/p>\n<p>&nbsp;<\/p>\n<p align=\"justify\"><a href=\"https:\/\/www.topkontorhandwerk.de\/wp-content\/uploads\/2017\/06\/Anwender_Infomappe_Handwerk.pdf\" target=\"_blank\" rel=\"noopener noreferrer\">&gt;&gt; Vollst\u00e4ndige Leistungs\u00fcbersicht und Preisliste<\/a><\/p>\n<\/div>\n<\/div>\n<\/div>\n<\/div>\n<\/div>\n","protected":false},"excerpt":{"rendered":"<p>TopKontor\u00a0Handwerk\u00a0Preisliste Als Existenzgr\u00fcnder genie\u00dfen Sie einen besonderen Preisvorteil bei der Kaufversion\u00a0von TopKontor Handwerk. Voraussetzung f\u00fcr den Existenzgr\u00fcnder-Preis: Ihre Gewerbeanmeldung liegt weniger als zw\u00f6lf Monate zur\u00fcck (Nachweis erforderlich). Neben dem Lizenzkauf besteht auch die M\u00f6glichkeit, TopKontor Handwerk als Mietvariante zu nutzen.\u00a0Innerhalb der Miete sind Sie immer auf dem aktuellsten Softwarestand und das zu u\u0308berschaubaren\u00a0monatlichen Kosten. Die &hellip; <\/p>\n<p class=\"link-more\"><a href=\"https:\/\/www.top-it-dienst.de\/datenschutzerklaerung\/topkontor-handwerk\/handwerk-preisliste\/\" class=\"more-link\"><span class=\"screen-reader-text\">\u201eHandwerk Preisliste\u201c<\/span> weiterlesen<\/a><\/p>\n","protected":false},"author":1,"featured_media":0,"parent":50,"menu_order":0,"comment_status":"closed","ping_status":"closed","template":"","meta":{"footnotes":""},"class_list":["post-100","page","type-page","status-publish","hentry"],"_links":{"self":[{"href":"https:\/\/www.top-it-dienst.de\/datenschutzerklaerung\/wp-json\/wp\/v2\/pages\/100","targetHints":{"allow":["GET"]}}],"collection":[{"href":"https:\/\/www.top-it-dienst.de\/datenschutzerklaerung\/wp-json\/wp\/v2\/pages"}],"about":[{"href":"https:\/\/www.top-it-dienst.de\/datenschutzerklaerung\/wp-json\/wp\/v2\/types\/page"}],"author":[{"embeddable":true,"href":"https:\/\/www.top-it-dienst.de\/datenschutzerklaerung\/wp-json\/wp\/v2\/users\/1"}],"replies":[{"embeddable":true,"href":"https:\/\/www.top-it-dienst.de\/datenschutzerklaerung\/wp-json\/wp\/v2\/comments?post=100"}],"version-history":[{"count":1,"href":"https:\/\/www.top-it-dienst.de\/datenschutzerklaerung\/wp-json\/wp\/v2\/pages\/100\/revisions"}],"predecessor-version":[{"id":101,"href":"https:\/\/www.top-it-dienst.de\/datenschutzerklaerung\/wp-json\/wp\/v2\/pages\/100\/revisions\/101"}],"up":[{"embeddable":true,"href":"https:\/\/www.top-it-dienst.de\/datenschutzerklaerung\/wp-json\/wp\/v2\/pages\/50"}],"wp:attachment":[{"href":"https:\/\/www.top-it-dienst.de\/datenschutzerklaerung\/wp-json\/wp\/v2\/media?parent=100"}],"curies":[{"name":"wp","href":"https:\/\/api.w.org\/{rel}","templated":true}]}}