{"id":52,"date":"2017-12-22T20:02:08","date_gmt":"2017-12-22T19:02:08","guid":{"rendered":"http:\/\/www.top-it-dienst.de\/?page_id=52"},"modified":"2017-12-22T23:35:42","modified_gmt":"2017-12-22T22:35:42","slug":"topkontor-zeiterfassung","status":"publish","type":"page","link":"https:\/\/www.top-it-dienst.de\/datenschutzerklaerung\/topkontor-zeiterfassung\/","title":{"rendered":"TopKontor Zeiterfassung"},"content":{"rendered":"<div class=\"flex_column av_one_full flex_column_div av-zero-column-padding first avia-builder-el-0 el_before_av_three_fifth avia-builder-el-first \">\n<div class=\"av-special-heading av-special-heading-h2 blockquote modern-quote avia-builder-el-1 el_before_av_textblock avia-builder-el-first \">\n<h2 class=\"av-special-heading-tag \">Produktinformationen\u00a0<b>TopKontor Zeiterfassung<\/b><\/h2>\n<\/div>\n<section class=\"av_textblock_section \">\n<div class=\"avia_textblock \">\n<div class=\"video-container\"><iframe loading=\"lazy\" class=\"initial lazyloaded\" src=\"https:\/\/www.youtube.com\/embed\/yVBSG7YIdVs?rel=0&amp;showinfo=0\" width=\"100%\" height=\"630\" frameborder=\"0\" allowfullscreen=\"allowfullscreen\" data-rocket-lazyload=\"fitvidscompatible\" data-lazy-src=\"https:\/\/www.youtube.com\/embed\/yVBSG7YIdVs?rel=0&amp;showinfo=0\" data-was-processed=\"true\" data-mce-fragment=\"1\"><\/iframe><\/div>\n<\/div>\n<\/section>\n<section class=\"avia_codeblock_section avia_code_block_0\">\n<div class=\"avia_codeblock \"><\/div>\n<\/section>\n<section class=\"av_textblock_section \">\n<div class=\"avia_textblock \">\n<p>Einfach und intuitiv bedienbar \u2013 so ist die Software TopKontor Zeiterfassung. Und damit l\u00e4sst sich Zeit und somit bares Geld sparen. Gleichzeitig ist einer undurchsichtigen Zettelwirtschaft endlich ein Ende gesetzt. Die Software aus dem Haus\u00a0<a href=\"https:\/\/bluesolution.de\/\" target=\"_blank\" rel=\"noopener noreferrer\">blue:solution software GmbH<\/a>\u00a0bringt jede Menge Vorteile mit: Mit der\u00a0<a href=\"https:\/\/www.topkontorzeiterfassung.de\/personalzeiterfassung\/\">Personalzeiterfassung<\/a>\u00a0werden die Kommen- und Gehen-Zeiten minuten- ja sogar sekundengenau erfasst. Die\u00a0<a href=\"https:\/\/www.topkontorzeiterfassung.de\/projektzeiterfassung\/\">Projektzeiterfassung<\/a>\u00a0verhindert, dass Projekte in Zukunft aus dem Ruder laufen und\u00a0<a href=\"https:\/\/www.topkontorzeiterfassung.de\/nachkalkulation\/\">Kalkulationen<\/a>\u00a0sowohl f\u00fcr den Unternehmer, als auch f\u00fcr den Kunden verl\u00e4sslich bleiben. Die\u00a0<a href=\"https:\/\/www.topkontorzeiterfassung.de\/zutrittskontrolle\/\" target=\"_blank\" rel=\"noopener noreferrer\">Zutrittskontrolle<\/a>\u00a0sorgt daf\u00fcr, dass nur die Mitarbeiter mit Zutrittsbefugnis bestimmte Geb\u00e4udekomplexe betreten d\u00fcrfen. Und mit der\u00a0<a href=\"https:\/\/www.topkontorzeiterfassung.de\/mobile-zeiterfassung\/\">mobilen Zeiterfassung<\/a>\u00a0wird\u00a0<a href=\"https:\/\/www.topkontorzeiterfassung.de\/personalzeiterfassung\/\" target=\"_blank\" rel=\"noopener noreferrer\">Personal-<\/a>\u00a0und\u00a0<a href=\"https:\/\/www.topkontorzeiterfassung.de\/projektzeiterfassung\/\">Projektzeiterfassung<\/a>\u00a0transportabel und kann bequem von unterwegs aus erfolgen.<\/p>\n<\/div>\n<\/section>\n<\/div>\n<div class=\"flex_column av_three_fifth flex_column_div av-zero-column-padding first avia-builder-el-5 el_after_av_one_full el_before_av_two_fifth column-top-margin\">\n<div class=\"avia-slideshow avia-slideshow-1 av-control-minimal avia-slideshow-no scaling av_slideshow avia-builder-el-6 avia-builder-el-no-sibling avia-slide-slider\" data-size=\"no scaling\" data-lightbox_size=\"large\" data-animation=\"slide\" data-ids=\"3377,3378,3379\" data-video_counter=\"0\" data-autoplay=\"true\" data-bg_slider=\"false\" data-slide_height=\"\" data-handle=\"av_slideshow\" data-interval=\"4\" data-class=\" avia-builder-el-6 avia-builder-el-no-sibling \" data-css_id=\"\" data-scroll_down=\"\" data-control_layout=\"av-control-minimal\" data-custom_markup=\"\" data-perma_caption=\"\" data-autoplay_stopper=\"\" data-image_attachment=\"\" data-min_height=\"0px\">\n<ul class=\"avia-slideshow-inner\">\n<li class=\"slide-1\">\n<div class=\"avia-slide-wrap\" data-rel=\"slideshow-1\"><img loading=\"lazy\" decoding=\"async\" class=\"lazyloaded\" title=\"TopKontor Zeiterfassung Fehlzeitenplaner\" src=\"https:\/\/www.topkontorzeiterfassung.de\/wp-content\/uploads\/2017\/05\/fehlzeitenplaner-1024x616.png\" alt=\"TopKontor Zeiterfassung Fehlzeitenplaner\" width=\"1024\" height=\"616\" data-lazy-src=\"https:\/\/www.topkontorzeiterfassung.de\/wp-content\/uploads\/2017\/05\/fehlzeitenplaner-1024x616.png\" data-was-processed=\"true\" \/><\/div>\n<\/li>\n<li class=\"slide-2\">\n<div class=\"avia-slide-wrap\" title=\"TopKontor Zeiterfassung Infocenter\" data-rel=\"slideshow-1\"><img loading=\"lazy\" decoding=\"async\" class=\"lazyloaded\" title=\"TopKontor Zeiterfassung Infocenter\" src=\"https:\/\/www.topkontorzeiterfassung.de\/wp-content\/uploads\/2017\/05\/infocenter-1024x616.png\" alt=\"TopKontor Zeiterfassung Infocenter\" width=\"1024\" height=\"616\" data-lazy-src=\"https:\/\/www.topkontorzeiterfassung.de\/wp-content\/uploads\/2017\/05\/infocenter-1024x616.png\" data-was-processed=\"true\" \/><\/div>\n<\/li>\n<li class=\"slide-3 active-slide\">\n<div class=\"avia-slide-wrap\" title=\"TopKontor Zeiterfassung Personalstamm\" data-rel=\"slideshow-1\"><img loading=\"lazy\" decoding=\"async\" class=\"lazyloaded\" title=\"TopKontor Zeiterfassung Personalstamm\" src=\"https:\/\/www.topkontorzeiterfassung.de\/wp-content\/uploads\/2017\/05\/personalstamm-1024x616.png\" alt=\"TopKontor Zeiterfassung Personalstamm\" width=\"1024\" height=\"616\" data-lazy-src=\"https:\/\/www.topkontorzeiterfassung.de\/wp-content\/uploads\/2017\/05\/personalstamm-1024x616.png\" data-was-processed=\"true\" \/><\/div>\n<\/li>\n<\/ul>\n<div class=\"avia-slideshow-arrows avia-slideshow-controls\"><a class=\"prev-slide\" href=\"https:\/\/www.topkontorzeiterfassung.de\/produkt\/#prev\" aria-hidden=\"true\" data-av_icon=\"\ue87c\" data-av_iconfont=\"entypo-fontello\">Zur\u00fcck<\/a><a class=\"next-slide\" href=\"https:\/\/www.topkontorzeiterfassung.de\/produkt\/#next\" aria-hidden=\"true\" data-av_icon=\"\ue87d\" data-av_iconfont=\"entypo-fontello\">Weiter<\/a><\/div>\n<div class=\"avia-slideshow-dots avia-slideshow-controls\"><a class=\"goto-slide\" href=\"https:\/\/www.topkontorzeiterfassung.de\/produkt\/#1\">1<\/a><a class=\"goto-slide\" href=\"https:\/\/www.topkontorzeiterfassung.de\/produkt\/#2\">2<\/a><a class=\"goto-slide active\" href=\"https:\/\/www.topkontorzeiterfassung.de\/produkt\/#3\">3<\/a><\/div>\n<\/div>\n<\/div>\n<div class=\"flex_column av_two_fifth flex_column_div av-zero-column-padding avia-builder-el-7 el_after_av_three_fifth el_before_av_one_full column-top-margin\">\n<div class=\"av-special-heading av-special-heading-h3 blockquote modern-quote avia-builder-el-8 el_before_av_textblock avia-builder-el-first \">\n<h3 class=\"av-special-heading-tag \"><b>TopKontor Zeiterfassung<\/b><\/h3>\n<div class=\"av-subheading av-subheading_below \">\n<p>Viel f\u00fcr kleines Geld<\/p>\n<\/div>\n<\/div>\n<section class=\"av_textblock_section \">\n<div class=\"avia_textblock \">\n<p>Die Software macht Zeiterfassung im Unternehmen zu einem Kinderspiel. Kompakt bringt TopKontor Zeiterfassung f\u00fcr jeden die passenden Vorteile mit:<\/p>\n<table>\n<tbody>\n<tr>\n<td width=\"50%\">\n<ul>\n<li>Einfach bedienbar<\/li>\n<li>Bis zu 500 Mitarbeiter<\/li>\n<li>Mobile Zeiterfassung<\/li>\n<li>Schnittstelle Warenwirtschaft<\/li>\n<\/ul>\n<\/td>\n<td width=\"50%\">\n<ul>\n<li>Kostenlose App<\/li>\n<li>Schnittstelle Lohn<\/li>\n<li>Geeignet f\u00fcrs B\u00fcro<\/li>\n<li>Geeignet f\u00fcr die Werkstatt<\/li>\n<\/ul>\n<\/td>\n<\/tr>\n<\/tbody>\n<\/table>\n<\/div>\n<\/section>\n<\/div>\n<div class=\"flex_column av_one_full flex_column_div av-zero-column-padding first avia-builder-el-10 el_after_av_two_fifth el_before_av_one_third \">\n<div class=\"hr hr-invisible avia-builder-el-11 el_before_av_textblock avia-builder-el-first \"><\/div>\n<section class=\"av_textblock_section \">\n<div class=\"avia_textblock \">\n<p>Mit der passenden\u00a0<a href=\"https:\/\/www.topkontorzeiterfassung.de\/hardware\/\">Hardware<\/a>\u00a0\u2013 hochmoderne Zeiterfassungsterminals \u2013 entlastet die Software die Personalabteilung eines Unternehmens. Digitale Fehlzeiten werden mit dem\u00a0<a href=\"https:\/\/www.topkontorzeiterfassung.de\/fehlzeitenplaner\/\">Fehlzeitenplaner<\/a>\u00a0erfasst und grafisch aufgearbeitet. Auf Knopfdruck sp\u00fcrt das\u00a0<a href=\"https:\/\/www.topkontorzeiterfassung.de\/fehlerprotokoll\/\">Fehlerprotokoll<\/a>\u00a0auf, wenn einzelne Mitarbeiter oder Mitarbeiterinnen einmal vergessen haben, ihre Kommen- und Gehen-Zeit zu erfassen.<\/p>\n<p>Komfort pur: In einem Rutsch erfasst und bucht die\u00a0<a href=\"https:\/\/www.topkontorzeiterfassung.de\/gruppenbuchung\/\">Gruppenbuchung<\/a>\u00a0eine Mitarbeitergruppe. Und einen \u00fcbersichtlichen Monatsabschluss erhalten Unternehmen mit dem\u00a0<a href=\"https:\/\/www.topkontorzeiterfassung.de\/urlaubs-und-zeitkonto\/\">Urlaubs- und Zeitkonto<\/a>. Flexibel bleiben: Unterschiedlich vereinbarte\u00a0<a href=\"https:\/\/www.topkontorzeiterfassung.de\/lohnarten\/\">Lohnarten<\/a>\u00a0sowie\u00a0<a href=\"https:\/\/www.topkontorzeiterfassung.de\/schicht-und-zeitmodelle\/\">Schicht- oder Zeitmodelle<\/a>\u00a0beh\u00e4lt die Software f\u00fcr die Lohnbuchhaltung im Blick. Die\u00a0<a href=\"https:\/\/www.topkontorzeiterfassung.de\/personaleinsatzplanung\/\">Personaleinsatzplanung<\/a>\u00a0bringt einen digitalen Monatskalender mit, der ebenfalls einen \u00dcberblick verschafft. Am Ende k\u00f6nnen mit dem\u00a0<a href=\"https:\/\/www.topkontorzeiterfassung.de\/reportgenerator\/\">Reportgenerator<\/a>\u00a0Berichte und Auswertungen individuell erstellt werden. Und namhafte\u00a0<a href=\"https:\/\/www.topkontorzeiterfassung.de\/schnittstellen\/\">Schnittstellen<\/a>\u00a0bilden das Fenster zur (Software-)Welt, \u00fcbermitteln Lohnarten an Lohnprogramme oder den Steuerberater.<\/p>\n<\/div>\n<\/section>\n<div class=\"hr hr-default avia-builder-el-13 el_after_av_textblock el_before_av_heading \"><\/div>\n<div class=\"av-special-heading av-special-heading-h3 blockquote modern-quote avia-builder-el-14 el_after_av_hr avia-builder-el-last \">\n<h3 class=\"av-special-heading-tag \">Jetzt neu:\u00a0<b>TopKontor Zeiterfassung in der Version 4<\/b><\/h3>\n<\/div>\n<\/div>\n<div class=\"flex_column av_one_third flex_column_div av-zero-column-padding first avia-builder-el-15 el_after_av_one_full el_before_av_two_third column-top-margin\">\n<section class=\"av_textblock_section \">\n<div class=\"avia_textblock \">\n<p>Die neue Oberfl\u00e4che der Software TopKontor Zeiterfassung ist modern, aufger\u00e4umt und optisch reduziert. Moderne Icons zeigen mit einer einfachen Bildsprache schon auf den ersten Blick, was sich hinter dem jeweiligen Men\u00fcpunkt verbirgt. Gleichzeitig wurden diese in ihrer Anzahl reduziert, jedoch nicht in ihrer Funktionalit\u00e4t.<\/p>\n<p>Mit Ribbons (Multifunktionsleisten) werden Men\u00fcsteuerung, Symbolleiste und Dialoge miteinander verbunden. Damit ist\u00a0die Softwareoberfl\u00e4che aufger\u00e4umt, das Auge wird entlastet und Sie finden sich mit nur wenigen Blicken zurecht.<\/p>\n<\/div>\n<\/section>\n<\/div>\n<div class=\"flex_column av_two_third flex_column_div av-zero-column-padding avia-builder-el-17 el_after_av_one_third avia-builder-el-last column-top-margin\">\n<div class=\"hr hr-invisible avia-builder-el-18 el_before_av_textblock avia-builder-el-first \"><\/div>\n<section class=\"av_textblock_section \">\n<div class=\"avia_textblock \">\n<div class=\"ba-slider\">\n<p><img decoding=\"async\" class=\"lazyloaded\" src=\"https:\/\/www.topkontorzeiterfassung.de\/wp-content\/uploads\/2017\/05\/TKZEF-Vergleich-2.jpg\" data-lazy-src=\"https:\/\/www.topkontorzeiterfassung.de\/wp-content\/uploads\/2017\/05\/TKZEF-Vergleich-2.jpg\" data-was-processed=\"true\" \/><\/p>\n<div class=\" resize\"><img decoding=\"async\" class=\"lazyloaded\" src=\"https:\/\/www.topkontorzeiterfassung.de\/wp-content\/uploads\/2017\/05\/TKZEF-Vergleich-1.jpg\" data-lazy-src=\"https:\/\/www.topkontorzeiterfassung.de\/wp-content\/uploads\/2017\/05\/TKZEF-Vergleich-1.jpg\" data-was-processed=\"true\" \/><\/div>\n<\/div>\n<\/div>\n<\/section>\n<section class=\"av_textblock_section \">\n<div class=\"avia_textblock \">\n<table width=\"100%\">\n<tbody>\n<tr>\n<td><strong>Version 3<\/strong><\/td>\n<td><strong>Version 4<\/strong><\/td>\n<\/tr>\n<\/tbody>\n<\/table>\n<\/div>\n<\/section>\n<\/div>\n","protected":false},"excerpt":{"rendered":"<p>Produktinformationen\u00a0TopKontor Zeiterfassung Einfach und intuitiv bedienbar \u2013 so ist die Software TopKontor Zeiterfassung. Und damit l\u00e4sst sich Zeit und somit bares Geld sparen. Gleichzeitig ist einer undurchsichtigen Zettelwirtschaft endlich ein Ende gesetzt. Die Software aus dem Haus\u00a0blue:solution software GmbH\u00a0bringt jede Menge Vorteile mit: Mit der\u00a0Personalzeiterfassung\u00a0werden die Kommen- und Gehen-Zeiten minuten- ja sogar sekundengenau erfasst. Die\u00a0Projektzeiterfassung\u00a0verhindert, &hellip; <\/p>\n<p class=\"link-more\"><a href=\"https:\/\/www.top-it-dienst.de\/datenschutzerklaerung\/topkontor-zeiterfassung\/\" class=\"more-link\"><span class=\"screen-reader-text\">\u201eTopKontor Zeiterfassung\u201c<\/span> weiterlesen<\/a><\/p>\n","protected":false},"author":1,"featured_media":0,"parent":0,"menu_order":0,"comment_status":"closed","ping_status":"closed","template":"","meta":{"footnotes":""},"class_list":["post-52","page","type-page","status-publish","hentry"],"_links":{"self":[{"href":"https:\/\/www.top-it-dienst.de\/datenschutzerklaerung\/wp-json\/wp\/v2\/pages\/52","targetHints":{"allow":["GET"]}}],"collection":[{"href":"https:\/\/www.top-it-dienst.de\/datenschutzerklaerung\/wp-json\/wp\/v2\/pages"}],"about":[{"href":"https:\/\/www.top-it-dienst.de\/datenschutzerklaerung\/wp-json\/wp\/v2\/types\/page"}],"author":[{"embeddable":true,"href":"https:\/\/www.top-it-dienst.de\/datenschutzerklaerung\/wp-json\/wp\/v2\/users\/1"}],"replies":[{"embeddable":true,"href":"https:\/\/www.top-it-dienst.de\/datenschutzerklaerung\/wp-json\/wp\/v2\/comments?post=52"}],"version-history":[{"count":3,"href":"https:\/\/www.top-it-dienst.de\/datenschutzerklaerung\/wp-json\/wp\/v2\/pages\/52\/revisions"}],"predecessor-version":[{"id":111,"href":"https:\/\/www.top-it-dienst.de\/datenschutzerklaerung\/wp-json\/wp\/v2\/pages\/52\/revisions\/111"}],"wp:attachment":[{"href":"https:\/\/www.top-it-dienst.de\/datenschutzerklaerung\/wp-json\/wp\/v2\/media?parent=52"}],"curies":[{"name":"wp","href":"https:\/\/api.w.org\/{rel}","templated":true}]}}