{"id":58,"date":"2017-12-22T20:03:08","date_gmt":"2017-12-22T19:03:08","guid":{"rendered":"http:\/\/www.top-it-dienst.de\/?page_id=58"},"modified":"2021-01-10T02:34:06","modified_gmt":"2021-01-10T01:34:06","slug":"videoueberwachung","status":"publish","type":"page","link":"https:\/\/www.top-it-dienst.de\/datenschutzerklaerung\/videoueberwachung\/","title":{"rendered":"Video\u00fcberwachung"},"content":{"rendered":"<p><img loading=\"lazy\" decoding=\"async\" class=\"alignnone size-medium wp-image-427\" src=\"https:\/\/www.top-it-dienst.de\/wp-content\/uploads\/2021\/01\/Mx_Button_ZEF_de_140429-300x150.jpg\" alt=\"\" width=\"300\" height=\"150\" srcset=\"https:\/\/www.top-it-dienst.de\/wp-content\/uploads\/2021\/01\/Mx_Button_ZEF_de_140429-300x150.jpg 300w, https:\/\/www.top-it-dienst.de\/wp-content\/uploads\/2021\/01\/Mx_Button_ZEF_de_140429-1024x512.jpg 1024w, https:\/\/www.top-it-dienst.de\/wp-content\/uploads\/2021\/01\/Mx_Button_ZEF_de_140429-768x384.jpg 768w, https:\/\/www.top-it-dienst.de\/wp-content\/uploads\/2021\/01\/Mx_Button_ZEF_de_140429.jpg 1418w\" sizes=\"auto, (max-width: 300px) 100vw, 300px\" \/><\/p>\n<p>Mit hochaufl\u00f6senden Video\u00fcberwachungssystemen Made in Germany sorgt MOBOTIX f\u00fcr umfassende Sicherheit in einer modernen, vernetzten Welt. In unseren Kameras stecken verschiedenste Sensoren und ein leistungsf\u00e4higer Rechner, der Daten analysiert, logisch verkn\u00fcpft und ganz eigenst\u00e4ndig Aktionen zur Abwehr von Gefahren startet. Dabei \u00fcberwachen und steuern IoT-L\u00f6sungen von MOBOTIX auch Prozesse in der Industrie und bringen mehr Intelligenz in den Alltag und das Gesch\u00e4ftsleben. Wie kein Zweiter garantiert MOBOTIX durch kompromisslose Zuverl\u00e4ssigkeit und nahezu unbegrenzte Erweiterbarkeit der intelligenten L\u00f6sungen eine langfristige Sicherheit der Investition.<\/p>\n<figure class=\"wp-block-embed wp-block-embed-youtube is-type-video is-provider-youtube epyt-figure\"><div class=\"wp-block-embed__wrapper\"><iframe loading=\"lazy\"  id=\"_ytid_68796\"  width=\"525\" height=\"295\"  data-origwidth=\"525\" data-origheight=\"295\" src=\"https:\/\/www.youtube.com\/embed\/yYFIJG6V3mM?enablejsapi=1&autoplay=0&cc_load_policy=0&cc_lang_pref=&iv_load_policy=1&loop=0&modestbranding=0&rel=1&fs=1&playsinline=0&autohide=2&theme=dark&color=red&controls=1&\" class=\"__youtube_prefs__  no-lazyload\" title=\"YouTube player\"  allow=\"fullscreen; accelerometer; autoplay; clipboard-write; encrypted-media; gyroscope; picture-in-picture\" allowfullscreen data-no-lazy=\"1\" data-skipgform_ajax_framebjll=\"\"><\/iframe><\/div><\/figure>\n","protected":false},"excerpt":{"rendered":"<p>Mit hochaufl\u00f6senden Video\u00fcberwachungssystemen Made in Germany sorgt MOBOTIX f\u00fcr umfassende Sicherheit in einer modernen, vernetzten Welt. In unseren Kameras stecken verschiedenste Sensoren und ein leistungsf\u00e4higer Rechner, der Daten analysiert, logisch verkn\u00fcpft und ganz eigenst\u00e4ndig Aktionen zur Abwehr von Gefahren startet. Dabei \u00fcberwachen und steuern IoT-L\u00f6sungen von MOBOTIX auch Prozesse in der Industrie und bringen mehr &hellip; <\/p>\n<p class=\"link-more\"><a href=\"https:\/\/www.top-it-dienst.de\/datenschutzerklaerung\/videoueberwachung\/\" class=\"more-link\"><span class=\"screen-reader-text\">\u201eVideo\u00fcberwachung\u201c<\/span> weiterlesen<\/a><\/p>\n","protected":false},"author":1,"featured_media":191,"parent":0,"menu_order":0,"comment_status":"closed","ping_status":"closed","template":"","meta":{"footnotes":""},"class_list":["post-58","page","type-page","status-publish","has-post-thumbnail","hentry"],"_links":{"self":[{"href":"https:\/\/www.top-it-dienst.de\/datenschutzerklaerung\/wp-json\/wp\/v2\/pages\/58","targetHints":{"allow":["GET"]}}],"collection":[{"href":"https:\/\/www.top-it-dienst.de\/datenschutzerklaerung\/wp-json\/wp\/v2\/pages"}],"about":[{"href":"https:\/\/www.top-it-dienst.de\/datenschutzerklaerung\/wp-json\/wp\/v2\/types\/page"}],"author":[{"embeddable":true,"href":"https:\/\/www.top-it-dienst.de\/datenschutzerklaerung\/wp-json\/wp\/v2\/users\/1"}],"replies":[{"embeddable":true,"href":"https:\/\/www.top-it-dienst.de\/datenschutzerklaerung\/wp-json\/wp\/v2\/comments?post=58"}],"version-history":[{"count":6,"href":"https:\/\/www.top-it-dienst.de\/datenschutzerklaerung\/wp-json\/wp\/v2\/pages\/58\/revisions"}],"predecessor-version":[{"id":428,"href":"https:\/\/www.top-it-dienst.de\/datenschutzerklaerung\/wp-json\/wp\/v2\/pages\/58\/revisions\/428"}],"wp:featuredmedia":[{"embeddable":true,"href":"https:\/\/www.top-it-dienst.de\/datenschutzerklaerung\/wp-json\/wp\/v2\/media\/191"}],"wp:attachment":[{"href":"https:\/\/www.top-it-dienst.de\/datenschutzerklaerung\/wp-json\/wp\/v2\/media?parent=58"}],"curies":[{"name":"wp","href":"https:\/\/api.w.org\/{rel}","templated":true}]}}