{"id":68,"date":"2017-12-22T20:29:46","date_gmt":"2017-12-22T19:29:46","guid":{"rendered":"http:\/\/www.top-it-dienst.de\/?page_id=68"},"modified":"2017-12-22T20:35:35","modified_gmt":"2017-12-22T19:35:35","slug":"handwerkinfo","status":"publish","type":"page","link":"https:\/\/www.top-it-dienst.de\/datenschutzerklaerung\/topkontor-handwerk\/handwerkinfo\/","title":{"rendered":"Handwerk Grundmodul"},"content":{"rendered":"<div class=\"vc_row wpb_row vc_row-fluid\">\n<div class=\"vc_column_container vc_col-sm-12\">\n<div class=\"wpb_wrapper vc_column-inner\">\n<h3 class=\"vc_custom_heading m-t align-left heading-primary\">TopKontor\u00a0<strong>Handwerk<\/strong>\u00a0wird Sie \u00fcberzeugen!<\/h3>\n<div class=\"wpb_text_column wpb_content_element \">\n<div class=\"wpb_wrapper\">\n<p>Bereits mit dem Grundmodul der Software TopKontor Handwerk k\u00f6nnen Sie zuk\u00fcnftig Ihre B\u00fcroarbeit einfach und zuverl\u00e4ssig erledigen. Bewusst haben wir dem Grundmodul alle wesentlichen Grundlagen gegeben, die die kaufm\u00e4nnischen Abl\u00e4ufe im Handwerksunternehmen abbilden \u2013 darauf ist Verlass. Damit sorgen wir daf\u00fcr, dass Sie als Handwerker bereits ab 1.000 Euro einen tolle und zuverl\u00e4ssige B\u00fcrokraft bekommen.<\/p>\n<\/div>\n<\/div>\n<\/div>\n<\/div>\n<\/div>\n<div class=\"vc_row wpb_row vc_row-fluid\">\n<div class=\"vc_column_container vc_col-sm-12\">\n<div class=\"wpb_wrapper vc_column-inner\">\n<div class=\"wpb_text_column wpb_content_element \">\n<div class=\"wpb_wrapper\">\n<p><img loading=\"lazy\" decoding=\"async\" class=\"wp-image-4825 lazyloaded alignright\" src=\"https:\/\/www.topkontorhandwerk.de\/wp-content\/uploads\/2016\/02\/tkhw_transparent-300x257.png\" srcset=\"https:\/\/www.topkontorhandwerk.de\/wp-content\/uploads\/2016\/02\/tkhw_transparent-300x257.png 300w, https:\/\/www.topkontorhandwerk.de\/wp-content\/uploads\/2016\/02\/tkhw_transparent-768x658.png 768w, https:\/\/www.topkontorhandwerk.de\/wp-content\/uploads\/2016\/02\/tkhw_transparent-600x514.png 600w, https:\/\/www.topkontorhandwerk.de\/wp-content\/uploads\/2016\/02\/tkhw_transparent.png 835w\" alt=\"tkhw_transparent\" width=\"300\" height=\"257\" data-lazy-src=\"https:\/\/www.topkontorhandwerk.de\/wp-content\/uploads\/2016\/02\/tkhw_transparent-300x257.png\" data-lazy-srcset=\"https:\/\/www.topkontorhandwerk.de\/wp-content\/uploads\/2016\/02\/tkhw_transparent-300x257.png 300w, https:\/\/www.topkontorhandwerk.de\/wp-content\/uploads\/2016\/02\/tkhw_transparent-768x658.png 768w, https:\/\/www.topkontorhandwerk.de\/wp-content\/uploads\/2016\/02\/tkhw_transparent-600x514.png 600w, https:\/\/www.topkontorhandwerk.de\/wp-content\/uploads\/2016\/02\/tkhw_transparent.png 835w\" data-lazy-sizes=\"(max-width: 320px) 100vw, 320px\" data-was-processed=\"true\" \/>Den Kern unserer Handwerkersoftware bildet die Belegerfassung: In k\u00fcrzester Zeit k\u00f6nnen Sie damit Angebote und Rechnungen schreiben sowie kalkulieren. In der Software TopKontor Handwerk k\u00f6nnen Sie direkt das Ergebnis Ihrer Textarbeit sehen \u2013 so wissen Sie gleich, wie es ausgedruckt aussieht. Gleichzeitig geben Ihnen vorgefertigte Textbausteine f\u00fcr Ihre Dokumente noch mehr M\u00f6glichkeiten Ihre B\u00fcroarbeit ganz schnell zu erledigen. Haben Sie die Positionen auf Ihrem in der Software hinterlegten Briefbogen erfasst, k\u00f6nnen Sie die Texte anschlie\u00dfend \u00fcber bekannte Buttons in der Men\u00fcleiste formatieren, Preise kalkulieren, St\u00fccklisten \u00e4ndern und Bilder einf\u00fcgen. Ganz praktisch: Die erstellten Angebote, Auftragsbest\u00e4tigungen, Briefe und Bilder k\u00f6nnen als PDF-Dokument per E-Mail versendet werden. Mit nur einem Klick sind Ihre Dokumente versandfertig. Das spart Zeit, Papier und Porto!<\/p>\n<p>Die Projektverwaltung sorgt f\u00fcr Ordnung: Hier erhalten Sie eine umfangreiche \u00dcbersicht \u00fcber alle Dokumente, die zu einem Projekt erstellt wurden. Das macht zeitaufwendige \u00dcbergaben \u00fcberfl\u00fcssig, jeder, der in Ihrem B\u00fcro mit der Software arbeitet, ist auf dem gleichen Stand. Au\u00dferdem kann jedes Dokument auch sp\u00e4ter noch eingesehen und weiterverarbeitet werden. Direkt im Projekt bearbeiten Sie Angebote, Auftr\u00e4ge, Rechnungen und Briefe. Auch externe Dokumente wie Grafik-Dateien, eingescannte Vorg\u00e4nge und eigene Bilder werden in den Projekten verwaltet.<\/p>\n<\/div>\n<\/div>\n<\/div>\n<\/div>\n<\/div>\n<div class=\"vc_row wpb_row vc_row-fluid\">\n<div class=\"vc_column_container vc_col-sm-12\">\n<div class=\"wpb_wrapper vc_column-inner\">\n<div class=\"wpb_text_column wpb_content_element \">\n<div class=\"wpb_wrapper\">\n<p>Das Basismodul sorgt au\u00dferdem daf\u00fcr, dass Sie den \u00dcberblick \u00fcber Ihre Artikel auf dem Lager behalten. Immer wieder k\u00f6nnen Sie detaillierte Informationen wie Lagerbestand, Zu- und Abg\u00e4nge des jeweiligen Artikels einsehen. Direkt aus der Lagerverwaltung heraus erstellen Sie Lager-, Bestandswert- und Bestelllisten. Mit TopKontor Handwerk haben Sie Ihr Lager im Griff und mit dem Inventurassistenten geh\u00f6ren langatmige und zeitaufwendige Inventur der Vergangenheit an.<\/p>\n<p>Das Ma\u00df aller Dinge sind korrekte Aufma\u00dfe mit denen Sie detailgenaue Angebote erstellen k\u00f6nnen. Deshalb k\u00f6nnen Sie mit der Aufma\u00dferfassung in der Software TopKontor Handwerk ihre Ma\u00dfe dokumentieren. In nur kurzer Zeit lassen sich Raum-, Spalten- oder ein freies Aufma\u00df erfassen. Per App k\u00f6nnen Aufma\u00dfe direkt vor Ort erfasst und ohne \u00dcbertragungsfehler in die Software TopKontor Handwerk \u00fcbertragen werden. Moderne Laserdistanz-Messger\u00e4te \u00fcbermitteln die mobilen Aufma\u00dfe \u00fcber der Bluetooth-Schnittstelle an die Software.<\/p>\n<\/div>\n<\/div>\n<\/div>\n<\/div>\n<\/div>\n","protected":false},"excerpt":{"rendered":"<p>TopKontor\u00a0Handwerk\u00a0wird Sie \u00fcberzeugen! Bereits mit dem Grundmodul der Software TopKontor Handwerk k\u00f6nnen Sie zuk\u00fcnftig Ihre B\u00fcroarbeit einfach und zuverl\u00e4ssig erledigen. Bewusst haben wir dem Grundmodul alle wesentlichen Grundlagen gegeben, die die kaufm\u00e4nnischen Abl\u00e4ufe im Handwerksunternehmen abbilden \u2013 darauf ist Verlass. Damit sorgen wir daf\u00fcr, dass Sie als Handwerker bereits ab 1.000 Euro einen tolle und &hellip; <\/p>\n<p class=\"link-more\"><a href=\"https:\/\/www.top-it-dienst.de\/datenschutzerklaerung\/topkontor-handwerk\/handwerkinfo\/\" class=\"more-link\"><span class=\"screen-reader-text\">\u201eHandwerk Grundmodul\u201c<\/span> weiterlesen<\/a><\/p>\n","protected":false},"author":1,"featured_media":0,"parent":50,"menu_order":0,"comment_status":"closed","ping_status":"closed","template":"","meta":{"footnotes":""},"class_list":["post-68","page","type-page","status-publish","hentry"],"_links":{"self":[{"href":"https:\/\/www.top-it-dienst.de\/datenschutzerklaerung\/wp-json\/wp\/v2\/pages\/68","targetHints":{"allow":["GET"]}}],"collection":[{"href":"https:\/\/www.top-it-dienst.de\/datenschutzerklaerung\/wp-json\/wp\/v2\/pages"}],"about":[{"href":"https:\/\/www.top-it-dienst.de\/datenschutzerklaerung\/wp-json\/wp\/v2\/types\/page"}],"author":[{"embeddable":true,"href":"https:\/\/www.top-it-dienst.de\/datenschutzerklaerung\/wp-json\/wp\/v2\/users\/1"}],"replies":[{"embeddable":true,"href":"https:\/\/www.top-it-dienst.de\/datenschutzerklaerung\/wp-json\/wp\/v2\/comments?post=68"}],"version-history":[{"count":4,"href":"https:\/\/www.top-it-dienst.de\/datenschutzerklaerung\/wp-json\/wp\/v2\/pages\/68\/revisions"}],"predecessor-version":[{"id":74,"href":"https:\/\/www.top-it-dienst.de\/datenschutzerklaerung\/wp-json\/wp\/v2\/pages\/68\/revisions\/74"}],"up":[{"embeddable":true,"href":"https:\/\/www.top-it-dienst.de\/datenschutzerklaerung\/wp-json\/wp\/v2\/pages\/50"}],"wp:attachment":[{"href":"https:\/\/www.top-it-dienst.de\/datenschutzerklaerung\/wp-json\/wp\/v2\/media?parent=68"}],"curies":[{"name":"wp","href":"https:\/\/api.w.org\/{rel}","templated":true}]}}