{"id":96,"date":"2017-12-22T20:50:29","date_gmt":"2017-12-22T19:50:29","guid":{"rendered":"http:\/\/www.top-it-dienst.de\/?page_id=96"},"modified":"2017-12-22T20:50:29","modified_gmt":"2017-12-22T19:50:29","slug":"handwerk-stammdaten","status":"publish","type":"page","link":"https:\/\/www.top-it-dienst.de\/datenschutzerklaerung\/topkontor-handwerk\/handwerk-schnitstellen\/handwerk-stammdaten\/","title":{"rendered":"Handwerk Stammdaten"},"content":{"rendered":"<div class=\"vc_row wpb_row vc_row-fluid\">\n<div class=\"vc_column_container vc_col-sm-6\">\n<div class=\"wpb_wrapper vc_column-inner\">\n<h3 class=\"vc_custom_heading align-left heading-primary\">Datanorm V4.0 und V5.0<\/h3>\n<div class=\"wpb_text_column wpb_content_element \">\n<div class=\"wpb_wrapper\">\n<p>Datanorm ist ein Standardverfahren f\u00fcr den Datenaustausch zwischen dem Gro\u00dfh\u00e4ndler (Lieferanten) und dem Handwerk. Die Handwerksbetriebe k\u00f6nnen eine Artikel- und Preispflege durchf\u00fchren und damit ihre Angebote mit tagesaktuellen Preisen auswerten.<\/p>\n<p>\u00dcber die Datanorm-Schnittstelle werden Artikeldaten der Lieferanten komfortabel in den eigenen Artikel- bzw. Leistungsstamm importiert.<\/p>\n<\/div>\n<\/div>\n<div class=\"wpb_text_column wpb_content_element \">\n<div class=\"wpb_wrapper\">\n<ul>\n<li>Import von Artikel in den Artikelstamm\n<ul>\n<li>mit Arbeits- bzw. Montagezeiten<\/li>\n<li>mit Rohstoffzu- und abschl\u00e4gen<\/li>\n<li>mit Langtext, Dimensions- und Einf\u00fcges\u00e4tze<\/li>\n<\/ul>\n<\/li>\n<li>Import von Artikel in den Leistungsstamm\n<ul>\n<li>mit St\u00fcckliste<\/li>\n<li>mit Arbeits- bzw. Montagezeiten<\/li>\n<li>mit Rohstoffzu- und abschl\u00e4gen in den Artikelst\u00fccklisten<\/li>\n<li>mit Langtext, Dimensions- und Einf\u00fcges\u00e4tze<\/li>\n<\/ul>\n<\/li>\n<\/ul>\n<\/div>\n<\/div>\n<\/div>\n<\/div>\n<div class=\"vc_column_container vc_col-sm-6\">\n<div class=\"wpb_wrapper vc_column-inner\">\n<h3 class=\"vc_custom_heading align-left heading-primary\">SHK-Connect<\/h3>\n<div class=\"wpb_text_column wpb_content_element \">\n<div class=\"wpb_wrapper\">\n<p>Zur automatischen Abwicklung bilateraler Prozesse zwischen den Lieferanten und dem Handwerker kommt die Schnittstelle SHK-Connect als zentrales Verzeichnisdienst zum Einsatz. Der Verzeichnisdienst stellt nach dem Prinzip eines Telefonbuchs die verschiedenen Marktpartner und deren Adressen dar.<\/p>\n<\/div>\n<\/div>\n<div class=\"wpb_text_column wpb_content_element \">\n<div class=\"wpb_wrapper\">\n<ul>\n<li>Die SHK Connect \u2013 Schnittstelle vermittelt den Handwerker an die korrekte Zieladresse<\/li>\n<li>Anzeige der Datanormdaten die zum Download beim Gro\u00dfh\u00e4ndler bereitstehen<\/li>\n<li>Freie Auswahl der Datanormdaten f\u00fcr den Download<\/li>\n<li>Automatische Weiterverarbeitung der Datanormdaten nach dem Download<\/li>\n<\/ul>\n<\/div>\n<\/div>\n<\/div>\n<\/div>\n<\/div>\n<div class=\"vc_row wpb_row vc_row-fluid\">\n<div class=\"vc_column_container vc_col-sm-6\">\n<div class=\"wpb_wrapper vc_column-inner\">\n<div class=\"porto-separator  \">\n<div class=\"divider divider-small  align_center solid divider-small-center\">\n<hr \/>\n<\/div>\n<\/div>\n<h3 class=\"vc_custom_heading align-left heading-primary\">Datanorm Online<\/h3>\n<div class=\"wpb_text_column wpb_content_element \">\n<div class=\"wpb_wrapper\">\n<p>Die Datanorm Online Schnittstelle ist ein Pendant der SHK Connect Schnittstelle und der Vorreiter der SHK Connect Schnittstelle. Auch hier wird ein zentraler Verzeichnisdienst zur automatischen Abwicklung bilateraler Prozesse zwischen den Lieferanten und dem Handwerker bereitgestellt.<\/p>\n<\/div>\n<\/div>\n<div class=\"wpb_text_column wpb_content_element \">\n<div class=\"wpb_wrapper\">\n<ul>\n<li>Die Datanorm Online \u2013 Schnittstelle vermittelt den Handwerker an die korrekte Zieladresse<\/li>\n<li>Anzeige der Datanormdaten die zum Download beim Gro\u00dfh\u00e4ndler bereitstehen<\/li>\n<li>Freie Auswahl der Datanormdaten f\u00fcr den Download<\/li>\n<li>Automatische Weiterverarbeitung der Datanormdaten nach dem Download<\/li>\n<\/ul>\n<\/div>\n<\/div>\n<\/div>\n<\/div>\n<div class=\"vc_column_container vc_col-sm-6\">\n<div class=\"wpb_wrapper vc_column-inner\">\n<div class=\"porto-separator  \">\n<div class=\"divider divider-small  align_center solid divider-small-center\">\n<hr \/>\n<\/div>\n<\/div>\n<h3 class=\"vc_custom_heading align-left heading-primary\">B\u00fcrgerle<\/h3>\n<div class=\"wpb_text_column wpb_content_element \">\n<div class=\"wpb_wrapper\">\n<p>\u00dcber die B\u00fcrgerle-Schnittstelle k\u00f6nnen Arbeits- bzw. Montagezeiten in Abh\u00e4ngigkeit der Fachh\u00e4ndler-Artikelnummern f\u00fcr die Branchen Heizung, Sanit\u00e4r, L\u00fcftung, Spengler zu den Artikeln importiert werden. Die Daten werden in EDV-Form (DATANORM-Format) geliefert.<\/p>\n<\/div>\n<\/div>\n<div class=\"wpb_text_column wpb_content_element \">\n<div class=\"wpb_wrapper\">\n<ul>\n<li>Import von Arbeits- bzw. Monatagezeiten zu den Artikeln<\/li>\n<li>Import der Montagezeiten mit einer Arbeitszeitkorrektur<\/li>\n<\/ul>\n<\/div>\n<\/div>\n<\/div>\n<\/div>\n<\/div>\n<div class=\"vc_row wpb_row vc_row-fluid\">\n<div class=\"vc_column_container vc_col-sm-6\">\n<div class=\"wpb_wrapper vc_column-inner\">\n<div class=\"porto-separator  \">\n<div class=\"divider divider-small  align_center solid divider-small-center\">\n<hr \/>\n<\/div>\n<\/div>\n<h3 class=\"vc_custom_heading align-left heading-primary\">ZVEH 01\/96<\/h3>\n<div class=\"wpb_text_column wpb_content_element \">\n<div class=\"wpb_wrapper\">\n<p>Der Zentralverband der Deutschen Elektro- und Informationstechnischen Handwerke (ZVEH), Frankfurt am Main, ist Herausgeber der Datei \u201cKalkulationshilfe f\u00fcr die elektro- und informationstechnischen Handwerke\u201d mit der dazugeh\u00f6rigen St\u00fcckliste.<\/p>\n<p>Hierbei handelt es sich um Leistungsbeschreibungen aus dem Elektrohandwerk.<\/p>\n<\/div>\n<\/div>\n<div class=\"wpb_text_column wpb_content_element \">\n<div class=\"wpb_wrapper\">\n<ul>\n<li>Import von Leistungsbeschreibungen in den Leistungsstamm\n<ul>\n<li>mit St\u00fcckliste<\/li>\n<li>mit Arbeits- bzw. Montagezeiten<\/li>\n<li>mit Rohstoffzu- und abschl\u00e4gen in den Artikelst\u00fccklisten<\/li>\n<li>mit Langtext, Dimensions- und Einf\u00fcges\u00e4tzen<\/li>\n<\/ul>\n<\/li>\n<\/ul>\n<\/div>\n<\/div>\n<\/div>\n<\/div>\n<div class=\"vc_column_container vc_col-sm-6\">\n<div class=\"wpb_wrapper vc_column-inner\">\n<div class=\"porto-separator  \">\n<div class=\"divider divider-small  align_center solid divider-small-center\">\n<hr \/>\n<\/div>\n<\/div>\n<h3 class=\"vc_custom_heading align-left heading-primary\">Eldanorm 01\/96<\/h3>\n<div class=\"wpb_text_column wpb_content_element \">\n<div class=\"wpb_wrapper\">\n<p>Bei dem Datenformat Eldanorm handelt es sich um eine Abwandlung der Datanorm V3.0 Version die auf die Bed\u00fcrfnisse im Elektrohandwerk angepasst wurde. \u00dcber die Eldanorm-Schnittstelle k\u00f6nnen Artikeldaten komfortabel in den eigenen Artikelstamm importiert werden.<\/p>\n<\/div>\n<\/div>\n<div class=\"wpb_text_column wpb_content_element \">\n<div class=\"wpb_wrapper\">\n<ul>\n<li>Import von Artikel in den Artikelstamm\n<ul>\n<li>mit Rohstoffzu- und abschl\u00e4gen<\/li>\n<li>mit Langtext, Dimensions- und Einf\u00fcges\u00e4tzen<\/li>\n<\/ul>\n<\/li>\n<\/ul>\n<\/div>\n<\/div>\n<\/div>\n<\/div>\n<\/div>\n<div class=\"vc_row wpb_row vc_row-fluid\">\n<div class=\"vc_column_container vc_col-sm-6\">\n<div class=\"wpb_wrapper vc_column-inner\">\n<div class=\"porto-separator  \">\n<div class=\"divider divider-small  align_center solid divider-small-center\">\n<hr \/>\n<\/div>\n<\/div>\n<h3 class=\"vc_custom_heading align-left heading-primary\">GAEB<\/h3>\n<div class=\"wpb_text_column wpb_content_element \">\n<div class=\"wpb_wrapper\">\n<p>Durch den GAEB wurden Voraussetzungen f\u00fcr eine elektronische Datenverarbeitung zur Ausschreibung, Vergabe und Abrechnung bei der Durchf\u00fchrung von Bauma\u00dfnahmen geschaffen. In der Praxis werden derzeit Leistungsverzeichnisse in den GAEB-Formaten 90, 2000 und XML ausgetauscht. Am h\u00e4ufigsten werden die Satzformate *83 (Angebotsanforderung) und *84 (Angebotsabgabe) verwendet.<\/p>\n<\/div>\n<\/div>\n<div class=\"wpb_text_column wpb_content_element \">\n<div class=\"wpb_wrapper\">\n<ul>\n<li>Import von Leistungsbeschreibungen im GAEB Format 90, 2000 und XML<\/li>\n<li>Export von kalkulierten Leistungsbeschreibungen als *84 (Angebotsabgabe)<\/li>\n<li>Import von *94 Dateien in einen Preisspiegel (Preisangebot des Lieferanten)<\/li>\n<li>\u00dcbernahem des Preisspiegels in das Leistungsverzeichnis<\/li>\n<li>Ausgabe einer eigenen Leistungsbeschreibung als Angebotsanforderung<\/li>\n<li>Import in den Leistungsstamm<\/li>\n<\/ul>\n<\/div>\n<\/div>\n<\/div>\n<\/div>\n<div class=\"vc_column_container vc_col-sm-6\">\n<div class=\"wpb_wrapper vc_column-inner\">\n<div class=\"porto-separator  \">\n<div class=\"divider divider-small  align_center solid divider-small-center\">\n<hr \/>\n<\/div>\n<\/div>\n<h3 class=\"vc_custom_heading align-left heading-primary\">\u00d6norm<\/h3>\n<div class=\"wpb_text_column wpb_content_element \">\n<div class=\"wpb_wrapper\">\n<p>Die \u00d6Norm (\u00f6sterreichischer Pedant zur GAEB) ist ein standardisiertes \u00f6sterreichisches Format um z.B. Ausschreibungen eines Architekten oder einer Beh\u00f6rde (\u00f6ffentliche Ausschreibung) in Warenwirtschaftssysteme einzulesen.<\/p>\n<\/div>\n<\/div>\n<div class=\"wpb_text_column wpb_content_element \">\n<div class=\"wpb_wrapper\">\n<ul>\n<li>Import der alten Formate B2062\/62063<\/li>\n<li>Import des neuen Formates A2063<\/li>\n<li>Bearbeitung der Kalkulation im Dokument<\/li>\n<li>Erg\u00e4nzung der Bieterl\u00fccken<\/li>\n<li>Export als \u00d6norm im gleichen Format wie es eingelesen wurde<\/li>\n<\/ul>\n<\/div>\n<\/div>\n<\/div>\n<\/div>\n<\/div>\n<div class=\"vc_row wpb_row vc_row-fluid\">\n<div class=\"vc_column_container vc_col-sm-6\">\n<div class=\"wpb_wrapper vc_column-inner\">\n<div class=\"porto-separator  \">\n<div class=\"divider divider-small  align_center solid divider-small-center\">\n<hr \/>\n<\/div>\n<\/div>\n<h3 class=\"vc_custom_heading align-left heading-primary\">UGL<\/h3>\n<div class=\"wpb_text_column wpb_content_element \">\n<div class=\"wpb_wrapper\">\n<p>Der Name UGL ist angelehnt an die Schnittstellenbeschreibung der DIGIS-CD UGS (UeberGabeSchnittstelle) und bedeutet UeberGabeschnittstelleLang. Die UGL-Schnittstelle im Programm unterst\u00fctzt das Format 2.0 und ab V6.2 das Format 4.0.\u00a0Die Erzeugung der UGL-Datei erfolgt direkt aus der Dokumentenbearbeitung. Die Datei wird dann z.B. per E-Mail oder \u00fcber die Webseite des Gro\u00dfh\u00e4ndlers \u00fcbertragen.<\/p>\n<p>Ab der Version 6.2 hat die UGL-Schnittstelle eine vollautomatischen FTP-Browser integriert, der auf Wunsch und je nach Einstellung die UGL-Daten sogar zyklisch abholt.<\/p>\n<\/div>\n<\/div>\n<div class=\"wpb_text_column wpb_content_element \">\n<div class=\"wpb_wrapper\">\n<ul>\n<li>TB Abrufauftrag des HW beim GH<\/li>\n<li>AN Anfrage des HW beim GH<\/li>\n<li>BE Lieferauftrag des HW beim GH<\/li>\n<li>PA Preisangebot des GH zum HW<\/li>\n<li>A0 Abruf des HW beim GH zur Lieferung aus einem Abrufauftrag<\/li>\n<li>A1 Abruf des HW beim GH zur Lieferung aus einem Angebot<\/li>\n<li>A2 Erstellen eines Abrufauftrags aus einem Angebot (HW beim GH)<\/li>\n<li>AB Auftragsbest\u00e4tigung des GH zum HW<\/li>\n<\/ul>\n<\/div>\n<\/div>\n<\/div>\n<\/div>\n<div class=\"vc_column_container vc_col-sm-6\">\n<div class=\"wpb_wrapper vc_column-inner\">\n<div class=\"porto-separator  \">\n<div class=\"divider divider-small  align_center solid divider-small-center\">\n<hr \/>\n<\/div>\n<\/div>\n<h3 class=\"vc_custom_heading align-left heading-primary\">UGS (in Ableitung WSCAD)<\/h3>\n<div class=\"wpb_text_column wpb_content_element \">\n<div class=\"wpb_wrapper\">\n<p>Diese Datenschnittstelle wird ben\u00f6tigt zur \u00dcbergabe projektbezogener Daten verschiedener Anwendungen, z.B. Bildkatalog-Verarbeitung, technischer Auslegungsprogramme, CAD-Programme oder kaufm\u00e4nnischer Programme.\u00a0 In TopKontor Handwerkwird nur der Import einer UGS-Datei unterst\u00fctzt. Hierbei wird im speziellen die Verarbeitung einer UGS-Datei unterst\u00fctzt, die mit dem Bildkatalog \u2013 Programm erstellt wurde.<\/p>\n<p>Die Artikeldaten des Lieferanten m\u00fcssen in den Artikelstammdaten enthalten sein. Nur dann ist eine einwandfreie Nutzung der Schnittstelle m\u00f6glich. Es wird in der \u00dcbergabedatei nur die Artikelnummer und die Menge \u00fcbergeben.<\/p>\n<\/div>\n<\/div>\n<div class=\"wpb_text_column wpb_content_element \">\n<div class=\"wpb_wrapper\">\n<ul>\n<li>Import in ein Dokument<\/li>\n<li>Automatische Positions\u00fcbernahme aus den Stammdaten<\/li>\n<\/ul>\n<\/div>\n<\/div>\n<\/div>\n<\/div>\n<\/div>\n<div class=\"vc_row wpb_row vc_row-fluid\">\n<div class=\"vc_column_container vc_col-sm-6\">\n<div class=\"wpb_wrapper vc_column-inner\">\n<div class=\"porto-separator  \">\n<div class=\"divider divider-small  align_center solid divider-small-center\">\n<hr \/>\n<\/div>\n<\/div>\n<h3 class=\"vc_custom_heading align-left heading-primary\">www.ausschreiben.de<\/h3>\n<div class=\"wpb_text_column wpb_content_element \">\n<div class=\"wpb_wrapper\">\n<p>Die Plattform www.ausschreiben.de bietet in 275 Katalogen 730.000 Ausschreibungstexte von Produktherstellern aus allen Branchen. Mit der integrierten Schnittstelle k\u00f6nnen Sie die Texte bequem in beliebiges Dokument \u00fcbernehmen. Ein weiterer Vorteil, die Texte werden von den Herstellern selbst gepflegt und sind daher aktuell.<\/p>\n<\/div>\n<\/div>\n<div class=\"wpb_text_column wpb_content_element \">\n<div class=\"wpb_wrapper\">\n<ul>\n<li>Import der Texte \u00fcber Drag&amp;Drop<\/li>\n<li>Aktuelle Leistungstexte durch den Hersteller oder Lieferanten<\/li>\n<li>Festlegung mit welchem Positionstyp die Position im Dokument angelegt werden soll<\/li>\n<li>\u00dcbernahme der Produktbilder<\/li>\n<\/ul>\n<\/div>\n<\/div>\n<\/div>\n<\/div>\n<div class=\"vc_column_container vc_col-sm-6\">\n<div class=\"wpb_wrapper vc_column-inner\">\n<div class=\"porto-separator  \">\n<div class=\"divider divider-small  align_center solid divider-small-center\">\n<hr \/>\n<\/div>\n<\/div>\n<h3 class=\"vc_custom_heading align-left heading-primary\">Leistungskatalog Dach<\/h3>\n<div class=\"wpb_text_column wpb_content_element \">\n<div class=\"wpb_wrapper\">\n<p>Der digitale Leistungskatalog von der Fa. Icking f\u00fcr Einsteiger &amp; Profis umfasst mehr als 7000 Leistungen aus den Bereichen Dachdecker-, Klempner- und Fassadenarbeiten sowie Dachfenster. \u00a0Stellen Sie sich z. B. bei der Angebotserstellung Ihre Leistungen im Leistungskatalog Icking zusammen und \u00fcbergeben Sie diese an das Handwerksprogramm.<\/p>\n<\/div>\n<\/div>\n<div class=\"wpb_text_column wpb_content_element \">\n<div class=\"wpb_wrapper\">\n<ul>\n<li>Vereinfachter Import<\/li>\n<li>Import der Leistungstexte<\/li>\n<li>der St\u00fccklisten<\/li>\n<li>Festlegung der Kalkulationswerte f\u00fcr die Lohnzeiten<\/li>\n<\/ul>\n<\/div>\n<\/div>\n<\/div>\n<\/div>\n<\/div>\n<div class=\"vc_row wpb_row vc_row-fluid\">\n<div class=\"vc_column_container vc_col-sm-6\">\n<div class=\"wpb_wrapper vc_column-inner\">\n<div class=\"porto-separator  \">\n<div class=\"divider divider-small  align_center solid divider-small-center\">\n<hr \/>\n<\/div>\n<\/div>\n<h3 class=\"vc_custom_heading align-left heading-primary\">IGIS<\/h3>\n<div class=\"wpb_text_column wpb_content_element \">\n<div class=\"wpb_wrapper\">\n<p>Im Einzelnen werden Rechnungsdaten aus dem Programm in eine ASCII \u2013 Datei \u00fcbergeben, deren Aufbau durch die Firma iwb Entwicklungsgesellschaft Braunschweig vorgegeben wird.<\/p>\n<p>Bei der \u00dcbergabe der Daten werden f\u00fcr jede Rechnung neben den Rechnungsdaten die Mandantennummer, das Gewerk (z.B. \u201eE\u201c f\u00fcr Elektro, \u201eT\u201c f\u00fcr Tischler, etc.), der Stand des EPA \u2013 Kataloges, der Handwerkername und die Auftragsnummer \u00fcbergeben. Diese Informationen k\u00f6nnen f\u00fcr jede Rechnung individuell eingestellt werden.<\/p>\n<\/div>\n<\/div>\n<div class=\"wpb_text_column wpb_content_element \">\n<div class=\"wpb_wrapper\">\n<ul>\n<li>Export von Rechnungsdaten<\/li>\n<li>Angabe einer Mandantennummer<\/li>\n<li>Angabe eines Gewerkes<\/li>\n<\/ul>\n<\/div>\n<\/div>\n<\/div>\n<\/div>\n<div class=\"vc_column_container vc_col-sm-6\">\n<div class=\"wpb_wrapper vc_column-inner\">\n<div class=\"porto-separator  \">\n<div class=\"divider divider-small  align_center solid divider-small-center\">\n<hr \/>\n<\/div>\n<\/div>\n<h3 class=\"vc_custom_heading align-left heading-primary\">IDS Connect<\/h3>\n<div class=\"wpb_text_column wpb_content_element \">\n<div class=\"wpb_wrapper\">\n<p>Die IDS ist eine Schnittstelle, die die Anbindung der Gro\u00dfhandelssysteme an die Handwerkersoftware definiert. Damit wird f\u00fcr die Zukunft ein Standard etabliert, der einen Zugang aus der Handwerkersoftware zu den Shop \u2013 Systemen der Gro\u00dfh\u00e4ndler erm\u00f6glicht.<\/p>\n<\/div>\n<\/div>\n<div class=\"wpb_text_column wpb_content_element \">\n<div class=\"wpb_wrapper\">\n<ul>\n<li>Aufruf des Online-Shops<\/li>\n<li>Im Shop Artikel suchen<\/li>\n<li>\u00dcbernahme der ausgew\u00e4hlten Artikel (Warenkorb) aus dem Online-Shop in das Dokument \/ Bestellwesen<\/li>\n<li>\u00dcbergabe der Artikel (Warenkorb) aus dem Dokument \/ Warenkorb an den Online-Shop<\/li>\n<li>\u00dcbergabe von Bestelldaten an den Web-Shop (Kommissionsnummer)<\/li>\n<li>R\u00fcckgabe eines neuen oder ge\u00e4nderten Warenkorbs an das Programm<\/li>\n<li>Zugriff auf eine im Shop gef\u00fchrte Artikelinformation (Preise, Verf\u00fcgbarkeit, etc.)<\/li>\n<li>Artikeldeeplink (Informationen zum Artikel im Shop aufrufen)<\/li>\n<li>Wahlweise direkt eine Bestellung Shop ausl\u00f6sen<\/li>\n<\/ul>\n<\/div>\n<\/div>\n<\/div>\n<\/div>\n<\/div>\n<div class=\"vc_row wpb_row vc_row-fluid\">\n<div class=\"vc_column_container vc_col-sm-6\">\n<div class=\"wpb_wrapper vc_column-inner\">\n<div class=\"porto-separator  \">\n<div class=\"divider divider-small  align_center solid divider-small-center\">\n<hr \/>\n<\/div>\n<\/div>\n<h3 class=\"vc_custom_heading align-left heading-primary\">OCI<\/h3>\n<div class=\"wpb_text_column wpb_content_element \">\n<div class=\"wpb_wrapper\">\n<p>OCI (Open Catalog Interface Version 3.0) ist eine von SAP definierte Schnittstelle f\u00fcr den Aufruf von externen Katalogen (Gro\u00dfh\u00e4ndler Onlineshops) und die R\u00fcckgabe des Warenkorbinhaltes an ein Warenwirtschaftssystem.<\/p>\n<\/div>\n<\/div>\n<div class=\"wpb_text_column wpb_content_element \">\n<div class=\"wpb_wrapper\">\n<ul>\n<li>Aufruf des Online-Shops<\/li>\n<li>Im Shop Artikel sucehn<\/li>\n<li>Artikel in den Warenkorb \u00fcbernehmen<\/li>\n<li>\u00dcbernahme der ausgew\u00e4hlten Artikel (Warenkorb) aus dem Online-Shop in das Dokument \/ Bestellwesen<\/li>\n<li>Wahlweise direkt eine Bestellung Shop ausl\u00f6sen<\/li>\n<\/ul>\n<\/div>\n<\/div>\n<\/div>\n<\/div>\n<div class=\"vc_column_container vc_col-sm-6\">\n<div class=\"wpb_wrapper vc_column-inner\">\n<div class=\"porto-separator  \">\n<div class=\"divider divider-small  align_center solid divider-small-center\">\n<hr \/>\n<\/div>\n<\/div>\n<h3 class=\"vc_custom_heading align-left heading-primary\">Mareon<\/h3>\n<div class=\"wpb_text_column wpb_content_element \">\n<div class=\"wpb_wrapper\">\n<p>\u00dcber die Schnittstelle k\u00f6nnen von der Auftragserteilung bis hin zur Rechnungserstellung alle anfallenden B\u00fcroarbeiten in der eigenen Handwerkersoftware erledigt werden. Auf der Kommunikationsebene schafft die neue Schnittstelle die M\u00f6glichkeit erweiterter Funktionalit\u00e4ten. So k\u00f6nnen jetzt Dateianh\u00e4nge vom Wohnungsunternehmen mit dem Auftrag \u00fcbermittelt, von den Handwerksbetrieben Dateianh\u00e4nge (Stundennachweise) an Rechnungen angeh\u00e4ngt und Rechnungen direkt weitergeleitet werden.<\/p>\n<\/div>\n<\/div>\n<div class=\"wpb_text_column wpb_content_element \">\n<div class=\"wpb_wrapper\">\n<ul>\n<li>Auftragsannahme oder -ablehnung<\/li>\n<li>Erfassung von Leistungen f\u00fcr die Rechnung<\/li>\n<li>\u00dcbermittlung des Rechnungsentwurfes<\/li>\n<li>Direkte Weiterleitung einer Rechnung an den Auftraggeber (signierte Rechnung im PDF Format)<\/li>\n<li>\u00dcbermittlung von Dokumenten wie zum Beispiel: Arbeitsberichte, Materiallisten, Aufma\u00dfe, etc.<\/li>\n<li>Status\u00fcbersicht der Auftr\u00e4ge von der Annahme bis zur Bezahlung<\/li>\n<\/ul>\n<\/div>\n<\/div>\n<\/div>\n<\/div>\n<\/div>\n<div class=\"vc_row wpb_row vc_row-fluid\">\n<div class=\"vc_column_container vc_col-sm-6\">\n<div class=\"wpb_wrapper vc_column-inner\">\n<div class=\"porto-separator  \">\n<div class=\"divider divider-small  align_center solid divider-small-center\">\n<hr \/>\n<\/div>\n<\/div>\n<h3 class=\"vc_custom_heading align-left heading-primary\">TomTom<\/h3>\n<div class=\"wpb_text_column wpb_content_element \">\n<div class=\"wpb_wrapper\">\n<p>TomTom Webfleet ist ein Produkt f\u00fcr serviceorientierte Unternehmen. Mit den Produkten von TomTom kann \u00fcber mobile Endger\u00e4te mit einem PC im Unternehmen kommuniziert werden. Termine, Kommentare und Adressen werden zum Servicetechniker auf das Endger\u00e4t \u00fcbertragen, stehen dort zur Information und als Navigationsgrundlage zur Verf\u00fcgung. Durch die Zusammenarbeit mit dem Programm kann die zentrale Disposition direkt aus der Reparaturauftragsverwaltung vorgenommen werden.<\/p>\n<\/div>\n<\/div>\n<div class=\"wpb_text_column wpb_content_element \">\n<div class=\"wpb_wrapper\">\n<ul>\n<li>Auftragsvergabe<\/li>\n<li>\u00dcbermittlung an den Monteur<\/li>\n<li>Statusabfrage<\/li>\n<li>Nachrichten an den Monteur versenden<\/li>\n<li>Nachrichten vom Monteur empfangen<\/li>\n<\/ul>\n<\/div>\n<\/div>\n<\/div>\n<\/div>\n<div class=\"vc_column_container vc_col-sm-6\">\n<div class=\"wpb_wrapper vc_column-inner\">\n<div class=\"porto-separator  \">\n<div class=\"divider divider-small  align_center solid divider-small-center\">\n<hr \/>\n<\/div>\n<\/div>\n<h3 class=\"vc_custom_heading align-left heading-primary\">3D-DachCAD Online<\/h3>\n<div class=\"wpb_text_column wpb_content_element \">\n<div class=\"wpb_wrapper\">\n<p>Im externen Aufma\u00df k\u00f6nnen Daten aus dem 3D-DachCAD Online \u00fcbernommen werden.<\/p>\n<\/div>\n<\/div>\n<div class=\"wpb_text_column wpb_content_element \">\n<div class=\"wpb_wrapper\">\n<ul>\n<li>Dachaufma\u00df erfolgt im DachCAD Programm<\/li>\n<li>\u00dcbernahme des Dachaufma\u00dfes\n<ul>\n<li>inkl. der Leistungsbeschreibung<\/li>\n<li>inkl. der Materialliste<\/li>\n<li>Nachbearbeitung und Erg\u00e4nzung im Aufma\u00dfcenter<\/li>\n<\/ul>\n<\/li>\n<\/ul>\n<\/div>\n<\/div>\n<\/div>\n<\/div>\n<\/div>\n","protected":false},"excerpt":{"rendered":"<p>Datanorm V4.0 und V5.0 Datanorm ist ein Standardverfahren f\u00fcr den Datenaustausch zwischen dem Gro\u00dfh\u00e4ndler (Lieferanten) und dem Handwerk. Die Handwerksbetriebe k\u00f6nnen eine Artikel- und Preispflege durchf\u00fchren und damit ihre Angebote mit tagesaktuellen Preisen auswerten. \u00dcber die Datanorm-Schnittstelle werden Artikeldaten der Lieferanten komfortabel in den eigenen Artikel- bzw. Leistungsstamm importiert. Import von Artikel in den Artikelstamm &hellip; <\/p>\n<p class=\"link-more\"><a href=\"https:\/\/www.top-it-dienst.de\/datenschutzerklaerung\/topkontor-handwerk\/handwerk-schnitstellen\/handwerk-stammdaten\/\" class=\"more-link\"><span class=\"screen-reader-text\">\u201eHandwerk Stammdaten\u201c<\/span> weiterlesen<\/a><\/p>\n","protected":false},"author":1,"featured_media":0,"parent":90,"menu_order":0,"comment_status":"closed","ping_status":"closed","template":"","meta":{"footnotes":""},"class_list":["post-96","page","type-page","status-publish","hentry"],"_links":{"self":[{"href":"https:\/\/www.top-it-dienst.de\/datenschutzerklaerung\/wp-json\/wp\/v2\/pages\/96","targetHints":{"allow":["GET"]}}],"collection":[{"href":"https:\/\/www.top-it-dienst.de\/datenschutzerklaerung\/wp-json\/wp\/v2\/pages"}],"about":[{"href":"https:\/\/www.top-it-dienst.de\/datenschutzerklaerung\/wp-json\/wp\/v2\/types\/page"}],"author":[{"embeddable":true,"href":"https:\/\/www.top-it-dienst.de\/datenschutzerklaerung\/wp-json\/wp\/v2\/users\/1"}],"replies":[{"embeddable":true,"href":"https:\/\/www.top-it-dienst.de\/datenschutzerklaerung\/wp-json\/wp\/v2\/comments?post=96"}],"version-history":[{"count":1,"href":"https:\/\/www.top-it-dienst.de\/datenschutzerklaerung\/wp-json\/wp\/v2\/pages\/96\/revisions"}],"predecessor-version":[{"id":97,"href":"https:\/\/www.top-it-dienst.de\/datenschutzerklaerung\/wp-json\/wp\/v2\/pages\/96\/revisions\/97"}],"up":[{"embeddable":true,"href":"https:\/\/www.top-it-dienst.de\/datenschutzerklaerung\/wp-json\/wp\/v2\/pages\/90"}],"wp:attachment":[{"href":"https:\/\/www.top-it-dienst.de\/datenschutzerklaerung\/wp-json\/wp\/v2\/media?parent=96"}],"curies":[{"name":"wp","href":"https:\/\/api.w.org\/{rel}","templated":true}]}}